Last updated on 2023-09-28 01:18:51 CEST.
Flavor | Version | Tinstall | Tcheck | Ttotal | Status | Flags |
---|---|---|---|---|---|---|
r-devel-linux-x86_64-debian-clang | 2.3.3 | 6.56 | 58.12 | 64.68 | NOTE | |
r-devel-linux-x86_64-debian-gcc | 2.3.3 | 5.25 | 46.85 | 52.10 | NOTE | |
r-devel-linux-x86_64-fedora-clang | 2.3.3 | 81.92 | NOTE | |||
r-devel-linux-x86_64-fedora-gcc | 2.3.3 | 91.94 | NOTE | |||
r-devel-windows-x86_64 | 2.3.3 | 7.00 | 80.00 | 87.00 | NOTE | |
r-patched-linux-x86_64 | 2.3.3 | 6.20 | 58.16 | 64.36 | NOTE | |
r-release-linux-x86_64 | 2.3.3 | 5.97 | 57.49 | 63.46 | NOTE | |
r-release-macos-arm64 | 2.3.3 | 37.00 | NOTE | |||
r-release-macos-x86_64 | 2.3.3 | 63.00 | NOTE | |||
r-release-windows-x86_64 | 2.3.3 | 8.00 | 79.00 | 87.00 | NOTE | |
r-oldrel-macos-arm64 | 2.3.3 | 34.00 | OK | |||
r-oldrel-macos-x86_64 | 2.3.3 | 52.00 | OK | |||
r-oldrel-windows-x86_64 | 2.3.3 | 8.00 | 80.00 | 88.00 | OK |
Version: 2.3.3
Check: Rd files
Result: NOTE
checkRd: (-1) outlierPlot.Rd:30: Escaped LaTeX specials: \$
checkRd: (-1) outlierPlot.Rd:32: Escaped LaTeX specials: \$
Flavors: r-devel-linux-x86_64-debian-clang, r-devel-linux-x86_64-debian-gcc, r-devel-linux-x86_64-fedora-clang, r-devel-linux-x86_64-fedora-gcc, r-devel-windows-x86_64, r-patched-linux-x86_64, r-release-linux-x86_64, r-release-macos-arm64, r-release-macos-x86_64, r-release-windows-x86_64
Version: 2.3.3
Check: Rd \usage sections
Result: NOTE
Documented arguments not in \usage in documentation object 'getQQLimit':
‘N’ ‘rho’
Functions with \usage entries need to have the appropriate \alias
entries, and all their arguments documented.
The \usage entries must correspond to syntactically valid R code.
See chapter ‘Writing R documentation files’ in the ‘Writing R
Extensions’ manual.
Flavors: r-devel-linux-x86_64-debian-clang, r-devel-linux-x86_64-debian-gcc, r-devel-linux-x86_64-fedora-clang, r-devel-linux-x86_64-fedora-gcc, r-devel-windows-x86_64