CRAN Package Check Results for Package eye

Last updated on 2024-03-02 00:53:24 CET.

Flavor Version Tinstall Tcheck Ttotal Status Flags
r-devel-linux-x86_64-debian-clang 1.2.1 5.49 96.80 102.29 NOTE
r-devel-linux-x86_64-debian-gcc 1.2.1 6.39 71.91 78.30 NOTE
r-devel-linux-x86_64-fedora-clang 1.2.1 129.08 NOTE
r-devel-linux-x86_64-fedora-gcc 1.2.1 139.29 NOTE
r-devel-windows-x86_64 1.2.1 8.00 100.00 108.00 NOTE
r-patched-linux-x86_64 1.2.1 10.50 91.12 101.62 NOTE
r-release-linux-x86_64 1.2.1 8.31 92.59 100.90 NOTE
r-release-macos-arm64 1.2.1 48.00 NOTE
r-release-macos-x86_64 1.2.1 73.00 NOTE
r-release-windows-x86_64 1.2.1 12.00 106.00 118.00 NOTE
r-oldrel-macos-arm64 1.2.1 38.00 OK
r-oldrel-windows-x86_64 1.2.1 10.00 102.00 112.00 OK

Check Details

Version: 1.2.1
Check: package subdirectories
Result: NOTE Problems with news in ‘NEWS.md’: Cannot extract version info from the following section titles: Functions and objects (details) Flavors: r-devel-linux-x86_64-debian-clang, r-devel-linux-x86_64-debian-gcc, r-devel-linux-x86_64-fedora-clang, r-devel-linux-x86_64-fedora-gcc, r-devel-windows-x86_64, r-patched-linux-x86_64, r-release-linux-x86_64, r-release-macos-arm64, r-release-macos-x86_64, r-release-windows-x86_64

Version: 1.2.1
Check: Rd files
Result: NOTE checkRd: (-1) va.Rd:80: Lost braces 80 | \doi{10.1016/s0002-9394(02)01825-1}{Beck et al.}, and | ^ Flavors: r-devel-linux-x86_64-debian-clang, r-devel-linux-x86_64-debian-gcc, r-devel-linux-x86_64-fedora-clang, r-devel-linux-x86_64-fedora-gcc