CRAN Package Check Results for Package ez

Last updated on 2024-02-24 08:49:36 CET.

Flavor Version Tinstall Tcheck Ttotal Status Flags
r-devel-linux-x86_64-debian-clang 4.4-0 16.73 150.07 166.80 NOTE
r-devel-linux-x86_64-debian-gcc 4.4-0 12.73 110.73 123.46 NOTE
r-devel-linux-x86_64-fedora-clang 4.4-0 203.70 OK
r-devel-linux-x86_64-fedora-gcc 4.4-0 206.54 OK
r-devel-windows-x86_64 4.4-0 14.00 126.00 140.00 OK
r-patched-linux-x86_64 4.4-0 14.64 144.64 159.28 OK
r-release-linux-x86_64 4.4-0 12.12 143.28 155.40 OK
r-release-macos-arm64 4.4-0 62.00 OK
r-release-macos-x86_64 4.4-0 97.00 OK
r-release-windows-x86_64 4.4-0 20.00 151.00 171.00 OK
r-oldrel-macos-arm64 4.4-0 54.00 OK
r-oldrel-windows-x86_64 4.4-0 20.00 153.00 173.00 OK

Check Details

Version: 4.4-0
Check: Rd files
Result: NOTE checkRd: (-1) ez-package.Rd:19: Lost braces in \itemize; meant \describe ? checkRd: (-1) ez-package.Rd:20: Lost braces in \itemize; meant \describe ? checkRd: (-1) ez-package.Rd:21: Lost braces in \itemize; meant \describe ? checkRd: (-1) ez-package.Rd:22: Lost braces in \itemize; meant \describe ? checkRd: (-1) ez-package.Rd:23: Lost braces in \itemize; meant \describe ? checkRd: (-1) ez-package.Rd:24: Lost braces in \itemize; meant \describe ? checkRd: (-1) ez-package.Rd:25: Lost braces in \itemize; meant \describe ? checkRd: (-1) ez-package.Rd:26: Lost braces in \itemize; meant \describe ? checkRd: (-1) ez-package.Rd:27: Lost braces in \itemize; meant \describe ? checkRd: (-1) ez-package.Rd:28: Lost braces in \itemize; meant \describe ? checkRd: (-1) ez-package.Rd:29: Lost braces in \itemize; meant \describe ? checkRd: (-1) ez-package.Rd:30: Lost braces in \itemize; meant \describe ? checkRd: (-1) ez-package.Rd:32: Lost braces in \itemize; meant \describe ? checkRd: (-1) ez-package.Rd:33: Lost braces in \itemize; meant \describe ? Flavors: r-devel-linux-x86_64-debian-clang, r-devel-linux-x86_64-debian-gcc