Last updated on 2024-05-21 16:53:14 CEST.
Flavor | Version | Tinstall | Tcheck | Ttotal | Status | Flags |
---|---|---|---|---|---|---|
r-devel-linux-x86_64-debian-clang | 1.0 | 5.88 | 69.46 | 75.34 | OK | |
r-devel-linux-x86_64-debian-gcc | 1.0 | 6.19 | 50.65 | 56.84 | OK | |
r-devel-linux-x86_64-fedora-clang | 1.0 | 102.34 | NOTE | |||
r-devel-linux-x86_64-fedora-gcc | 1.0 | 88.01 | OK | |||
r-devel-windows-x86_64 | 1.0 | 9.00 | 78.00 | 87.00 | OK | |
r-patched-linux-x86_64 | 1.0 | 10.22 | 64.27 | 74.49 | OK | |
r-release-linux-x86_64 | 1.0 | 7.58 | 66.42 | 74.00 | OK | |
r-release-macos-arm64 | 1.0 | 28.00 | OK | |||
r-release-windows-x86_64 | 1.0 | 9.00 | 79.00 | 88.00 | OK | |
r-oldrel-macos-arm64 | 1.0 | 31.00 | OK | |||
r-oldrel-macos-x86_64 | 1.0 | 53.00 | OK | |||
r-oldrel-windows-x86_64 | 1.0 | 11.00 | 85.00 | 96.00 | OK |
Version: 1.0
Check: Rd cross-references
Result: NOTE
Undeclared package ‘pyinit’ in Rd xrefs
Flavor: r-devel-linux-x86_64-fedora-clang