CRAN Package Check Results for Package farr

Last updated on 2024-02-25 08:53:01 CET.

Flavor Version Tinstall Tcheck Ttotal Status Flags
r-devel-linux-x86_64-debian-clang 0.2.39 8.02 54.08 62.10 OK
r-devel-linux-x86_64-debian-gcc 0.2.39 6.24 44.70 50.94 OK
r-devel-linux-x86_64-fedora-clang 0.2.39 82.87 NOTE
r-devel-linux-x86_64-fedora-gcc 0.2.39 78.07 NOTE
r-devel-windows-x86_64 0.2.39 8.00 73.00 81.00 OK
r-patched-linux-x86_64 0.2.39 5.95 57.59 63.54 OK
r-release-linux-x86_64 0.2.39 5.17 57.30 62.47 OK
r-release-macos-arm64 0.2.39 39.00 OK
r-release-macos-x86_64 0.2.39 69.00 OK
r-release-windows-x86_64 0.2.39 11.00 81.00 92.00 OK
r-oldrel-macos-arm64 0.2.39 42.00 OK
r-oldrel-windows-x86_64 0.2.39 11.00 95.00 106.00 OK

Check Details

Version: 0.2.39
Check: data for non-ASCII characters
Result: NOTE Note: found 1430 marked UTF-8 strings Flavors: r-devel-linux-x86_64-fedora-clang, r-devel-linux-x86_64-fedora-gcc