Last updated on 2023-09-26 17:09:17 CEST.
Flavor | Version | Tinstall | Tcheck | Ttotal | Status | Flags |
---|---|---|---|---|---|---|
r-devel-linux-x86_64-debian-clang | 0.6.0 | 71.88 | 138.00 | 209.88 | OK | |
r-devel-linux-x86_64-debian-gcc | 0.6.0 | 51.46 | 100.03 | 151.49 | OK | |
r-devel-linux-x86_64-fedora-clang | 0.6.0 | 268.74 | NOTE | |||
r-devel-linux-x86_64-fedora-gcc | 0.6.0 | 266.00 | OK | |||
r-devel-windows-x86_64 | 0.6.0 | 57.00 | 135.00 | 192.00 | NOTE | |
r-patched-linux-x86_64 | 0.6.0 | 47.66 | 131.62 | 179.28 | OK | |
r-release-linux-x86_64 | 0.6.0 | 54.08 | 128.02 | 182.10 | OK | |
r-release-macos-arm64 | 0.6.0 | 71.00 | NOTE | |||
r-release-macos-x86_64 | 0.6.0 | 118.00 | NOTE | |||
r-release-windows-x86_64 | 0.6.0 | 76.00 | 160.00 | 236.00 | NOTE | |
r-oldrel-macos-arm64 | 0.6.0 | 71.00 | NOTE | |||
r-oldrel-macos-x86_64 | 0.6.0 | 134.00 | NOTE | |||
r-oldrel-windows-x86_64 | 0.6.0 | 75.00 | 157.00 | 232.00 | NOTE |
Version: 0.6.0
Check: installed package size
Result: NOTE
installed size is 5.4Mb
sub-directories of 1Mb or more:
data 4.9Mb
Flavors: r-devel-linux-x86_64-fedora-clang, r-devel-windows-x86_64, r-release-macos-arm64, r-release-macos-x86_64, r-release-windows-x86_64, r-oldrel-macos-arm64, r-oldrel-macos-x86_64, r-oldrel-windows-x86_64