CRAN Package Check Results for Package fastcox

Last updated on 2024-02-24 16:48:19 CET.

Flavor Version Tinstall Tcheck Ttotal Status Flags
r-devel-linux-x86_64-debian-clang 1.1.3 9.21 69.10 78.31 OK
r-devel-linux-x86_64-debian-gcc 1.1.3 8.52 53.18 61.70 OK
r-devel-linux-x86_64-fedora-clang 1.1.3 99.25 NOTE
r-devel-linux-x86_64-fedora-gcc 1.1.3 94.34 OK
r-devel-windows-x86_64 1.1.3 14.00 74.00 88.00 OK
r-patched-linux-x86_64 1.1.3 11.43 69.25 80.68 OK
r-release-linux-x86_64 1.1.3 10.28 68.56 78.84 OK
r-release-macos-arm64 1.1.3 37.00 OK
r-release-macos-x86_64 1.1.3 55.00 OK
r-release-windows-x86_64 1.1.3 16.00 85.00 101.00 OK
r-oldrel-macos-arm64 1.1.3 39.00 OK
r-oldrel-windows-x86_64 1.1.3 16.00 89.00 105.00 OK

Check Details

Version: 1.1.3
Check: installed package size
Result: NOTE installed size is 7.4Mb sub-directories of 1Mb or more: libs 7.2Mb Flavor: r-devel-linux-x86_64-fedora-clang