CRAN Package Check Results for Package fastmit

Last updated on 2024-02-29 00:55:39 CET.

Flavor Version Tinstall Tcheck Ttotal Status Flags
r-devel-linux-x86_64-debian-clang 0.1.1 81.30 30.89 112.19 NOTE
r-devel-linux-x86_64-debian-gcc 0.1.1 63.93 23.54 87.47 NOTE
r-devel-linux-x86_64-fedora-clang 0.1.1 182.05 NOTE
r-devel-linux-x86_64-fedora-gcc 0.1.1 163.90 NOTE
r-devel-windows-x86_64 0.1.1 34.00 64.00 98.00 NOTE
r-patched-linux-x86_64 0.1.1 76.94 30.22 107.16 NOTE
r-release-linux-x86_64 0.1.1 72.65 29.71 102.36 NOTE
r-release-macos-arm64 0.1.1 38.00 NOTE
r-release-macos-x86_64 0.1.1 66.00 NOTE
r-release-windows-x86_64 0.1.1 43.00 71.00 114.00 NOTE
r-oldrel-macos-arm64 0.1.1 38.00 NOTE
r-oldrel-windows-x86_64 0.1.1 42.00 70.00 112.00 NOTE

Check Details

Version: 0.1.1
Check: LazyData
Result: NOTE 'LazyData' is specified without a 'data' directory Flavors: r-devel-linux-x86_64-debian-clang, r-devel-linux-x86_64-debian-gcc, r-devel-linux-x86_64-fedora-clang, r-devel-linux-x86_64-fedora-gcc, r-devel-windows-x86_64, r-patched-linux-x86_64, r-release-linux-x86_64, r-release-macos-arm64, r-release-macos-x86_64, r-release-windows-x86_64, r-oldrel-macos-arm64, r-oldrel-windows-x86_64

Version: 0.1.1
Check: C++ specification
Result: NOTE Specified C++11: please drop specification unless essential Flavors: r-devel-windows-x86_64, r-release-windows-x86_64