CRAN Package Check Results for Package fastpos

Last updated on 2024-03-03 01:00:43 CET.

Flavor Version Tinstall Tcheck Ttotal Status Flags
r-devel-linux-x86_64-debian-clang 0.5.1 38.12 83.41 121.53 NOTE
r-devel-linux-x86_64-debian-gcc 0.5.1 27.99 63.40 91.39 NOTE
r-devel-linux-x86_64-fedora-clang 0.5.1 161.96 NOTE
r-devel-linux-x86_64-fedora-gcc 0.5.1 154.39 NOTE
r-devel-windows-x86_64 0.5.1 31.00 108.00 139.00 NOTE
r-patched-linux-x86_64 0.5.1 36.41 82.49 118.90 NOTE
r-release-linux-x86_64 0.5.1 36.03 76.71 112.74 NOTE
r-release-macos-arm64 0.5.1 46.00 NOTE
r-release-macos-x86_64 0.5.1 72.00 NOTE
r-release-windows-x86_64 0.5.1 36.00 127.00 163.00 NOTE
r-oldrel-macos-arm64 0.5.1 51.00 OK
r-oldrel-windows-x86_64 0.5.1 36.00 119.00 155.00 OK

Check Details

Version: 0.5.1
Check: C++ specification
Result: NOTE Specified C++11: please drop specification unless essential Flavors: r-devel-linux-x86_64-debian-clang, r-devel-linux-x86_64-debian-gcc, r-devel-linux-x86_64-fedora-clang, r-devel-linux-x86_64-fedora-gcc, r-devel-windows-x86_64, r-patched-linux-x86_64, r-release-linux-x86_64, r-release-macos-arm64, r-release-macos-x86_64, r-release-windows-x86_64