Last updated on 2024-05-02 16:48:17 CEST.
Flavor | Version | Tinstall | Tcheck | Ttotal | Status | Flags |
---|---|---|---|---|---|---|
r-devel-linux-x86_64-debian-clang | 1.0.2 | 49.08 | 78.66 | 127.74 | OK | |
r-devel-linux-x86_64-debian-gcc | 1.0.2 | 44.01 | 58.19 | 102.20 | OK | |
r-devel-linux-x86_64-fedora-clang | 1.0.2 | 178.57 | NOTE | |||
r-devel-linux-x86_64-fedora-gcc | 1.0.2 | 160.72 | OK | |||
r-devel-windows-x86_64 | 1.0.2 | 51.00 | 71.00 | 122.00 | NOTE | |
r-patched-linux-x86_64 | 1.0.2 | 44.70 | 73.99 | 118.69 | OK | |
r-release-linux-x86_64 | 1.0.2 | 50.15 | 75.63 | 125.78 | OK | |
r-release-macos-arm64 | 1.0.2 | 66.00 | NOTE | |||
r-release-windows-x86_64 | 1.0.2 | 52.00 | 72.00 | 124.00 | NOTE | |
r-oldrel-macos-arm64 | 1.0.2 | 79.00 | NOTE | |||
r-oldrel-macos-x86_64 | 1.0.2 | 106.00 | NOTE | |||
r-oldrel-windows-x86_64 | 1.0.2 | 48.00 | 86.00 | 134.00 | NOTE |
Version: 1.0.2
Check: installed package size
Result: NOTE
installed size is 15.8Mb
sub-directories of 1Mb or more:
data 15.7Mb
Flavors: r-devel-linux-x86_64-fedora-clang, r-devel-windows-x86_64, r-release-macos-arm64, r-release-windows-x86_64, r-oldrel-macos-arm64, r-oldrel-macos-x86_64, r-oldrel-windows-x86_64