CRAN Package Check Results for Package fastshap

Last updated on 2024-02-23 16:53:17 CET.

Flavor Version Tinstall Tcheck Ttotal Status Flags
r-devel-linux-x86_64-debian-clang 0.1.0 NOTE
r-devel-linux-x86_64-debian-gcc 0.1.0 26.65 32.48 59.13 NOTE
r-devel-linux-x86_64-fedora-clang 0.1.1 119.80 OK
r-devel-linux-x86_64-fedora-gcc 0.1.1 121.12 OK
r-devel-windows-x86_64 0.1.0 28.00 75.00 103.00 NOTE
r-patched-linux-x86_64 0.1.0 33.11 41.91 75.02 OK
r-release-linux-x86_64 0.1.0 33.91 41.12 75.03 OK
r-release-macos-arm64 0.1.0 38.00 OK
r-release-macos-x86_64 0.1.1 75.00 OK
r-release-windows-x86_64 0.1.0 36.00 83.00 119.00 OK
r-oldrel-macos-arm64 0.1.0 35.00 OK
r-oldrel-windows-x86_64 0.1.0 34.00 86.00 120.00 OK

Check Details

Version: 0.1.0
Check: Rd \usage sections
Result: NOTE Documented arguments not in \usage in Rd file 'bin.Rd': ‘Integer’ Functions with \usage entries need to have the appropriate \alias entries, and all their arguments documented. The \usage entries must correspond to syntactically valid R code. See chapter ‘Writing R documentation files’ in the ‘Writing R Extensions’ manual. Flavors: r-devel-linux-x86_64-debian-clang, r-devel-linux-x86_64-debian-gcc, r-devel-windows-x86_64