CRAN Package Check Results for Package fbnet

Last updated on 2024-02-28 16:50:33 CET.

Flavor Version Tinstall Tcheck Ttotal Status Flags
r-devel-linux-x86_64-debian-clang 1.0.3 9.10 93.72 102.82 OK
r-devel-linux-x86_64-debian-gcc 1.0.3 9.56 70.29 79.85 OK
r-devel-linux-x86_64-fedora-clang 1.0.3 135.77 NOTE
r-devel-linux-x86_64-fedora-gcc 1.0.3 127.05 NOTE
r-devel-windows-x86_64 1.0.3 11.00 85.00 96.00 OK
r-patched-linux-x86_64 1.0.3 12.53 93.14 105.67 OK
r-release-linux-x86_64 1.0.3 11.71 91.96 103.67 OK
r-release-macos-arm64 1.0.3 39.00 OK
r-release-macos-x86_64 1.0.3 98.00 OK
r-release-windows-x86_64 1.0.3 14.00 98.00 112.00 OK
r-oldrel-macos-arm64 1.0.3 40.00 OK
r-oldrel-windows-x86_64 1.0.3 14.00 95.00 109.00 OK

Check Details

Version: 1.0.3
Check: dependencies in R code
Result: NOTE Namespaces in Imports field not imported from: ‘assertthat’ ‘utils’ All declared Imports should be used. Flavors: r-devel-linux-x86_64-fedora-clang, r-devel-linux-x86_64-fedora-gcc