CRAN Package Check Results for Package fclust

Last updated on 2024-02-23 16:53:17 CET.

Flavor Version Tinstall Tcheck Ttotal Status Flags
r-devel-linux-x86_64-debian-clang 2.1.1.1 NOTE
r-devel-linux-x86_64-debian-gcc 2.1.1.1 132.39 62.77 195.16 NOTE
r-devel-linux-x86_64-fedora-clang 2.1.1.1 364.49 OK
r-devel-linux-x86_64-fedora-gcc 2.1.1.1 359.86 OK
r-devel-windows-x86_64 2.1.1.1 121.00 108.00 229.00 OK
r-patched-linux-x86_64 2.1.1.1 164.67 84.29 248.96 OK
r-release-linux-x86_64 2.1.1.1 158.28 84.10 242.38 OK
r-release-macos-arm64 2.1.1.1 80.00 NOTE
r-release-macos-x86_64 2.1.1.1 147.00 NOTE
r-release-windows-x86_64 2.1.1.1 157.00 126.00 283.00 OK
r-oldrel-macos-arm64 2.1.1.1 75.00 NOTE
r-oldrel-windows-x86_64 2.1.1.1 145.00 128.00 273.00 OK

Check Details

Version: 2.1.1.1
Check: Rd files
Result: NOTE checkRd: (-1) ARI.F.Rd:17: Lost braces 17 | \code{ari.f}{Value of the fuzzy adjusted Rand index} | ^ checkRd: (-1) FKM.gk.Rd:52: Lost braces; missing escapes or markup? 52 | \cr If a cluster covariance matrix becomes singular, then the algorithm stops and the element of \code{value} is {NaN}. | ^ checkRd: (-1) FKM.gk.ent.Rd:55: Lost braces; missing escapes or markup? 55 | \cr If a cluster covariance matrix becomes singular, the algorithm stops and the element of \code{value} is {NaN}. | ^ checkRd: (-1) FKM.gk.ent.noise.Rd:57: Lost braces; missing escapes or markup? 57 | \cr If a cluster covariance matrix becomes singular, the algorithm stops and the element of \code{value} is {NaN}. | ^ checkRd: (-1) FKM.gk.noise.Rd:54: Lost braces; missing escapes or markup? 54 | \cr If a cluster covariance matrix becomes singular, then the algorithm stops and the element of \code{value} is {NaN}. | ^ checkRd: (-1) FKM.gkb.Rd:55: Lost braces; missing escapes or markup? 55 | \cr If a cluster covariance matrix becomes singular, then the algorithm stops and the element of \code{value} is {NaN}. | ^ checkRd: (-1) FKM.gkb.ent.Rd:58: Lost braces; missing escapes or markup? 58 | \cr If a cluster covariance matrix becomes singular, the algorithm stops and the element of \code{value} is {NaN}. | ^ checkRd: (-1) FKM.gkb.ent.noise.Rd:60: Lost braces; missing escapes or markup? 60 | \cr If a cluster covariance matrix becomes singular, the algorithm stops and the element of \code{value} is {NaN}. | ^ checkRd: (-1) FKM.gkb.noise.Rd:57: Lost braces; missing escapes or markup? 57 | \cr If a cluster covariance matrix becomes singular, then the algorithm stops and the element of \code{value} is {NaN}. | ^ checkRd: (-1) Fclust.compare.Rd:17: Lost braces 17 | \code{out.index}{Vector containing the similarity measures} | ^ checkRd: (-1) JACCARD.F.Rd:17: Lost braces 17 | \code{jaccard.f}{Value of the fuzzy Jaccard index} | ^ checkRd: (-1) RI.F.Rd:17: Lost braces 17 | \code{ri.f}{Value of the fuzzy adjusted Rand index} | ^ checkRd: (-1) houseVotes.Rd:16: Lost braces 16 | The data collect 1984 United Stated Congressional Voting Records for each of the 435 U.S. House of Representatives Congressmen on the 16 key votes identified by the Congressional Quarterly Almanac (CQA). The variable \code{class} splits the observations in \code{democrat} and \code{republican}. The qualitative variables refer to the votes on \code{handicapped-infants}, \code{water-project-cost-sharing}, \code{adoption-of-the-budget-resolution}, \code{physician-fee-freeze}, \code{el-salvador-aid}, \code{religious-groups-in-schools}, \code{anti-satellite-test-ban}, \code{aid-to-nicaraguan-contras}, \code{mx-missile}, \code{immigration}, \code{synfuels-corporation-cutback}, \code{education-spending}, \code{superfund-right-to-sue}, \code{crime}, \code{duty-free-exports}, and \code{export-administration-act-south-africa}. All these 16 variables are objects of class \code{factor} with three levels according to the CQA scheme: \code{y} refers to the types of votes ''voted for'', ''paired for'' and ''announced for''; \code{n} to ''voted against'', ''paired against'' and ''announced against''; code{yn} to ''voted present'', ''voted present to avoid conflict of interest'' and ''did not vote or otherwise make a position known''.} | ^ Flavors: r-devel-linux-x86_64-debian-clang, r-devel-linux-x86_64-debian-gcc

Version: 2.1.1.1
Check: installed package size
Result: NOTE installed size is 11.0Mb sub-directories of 1Mb or more: libs 10.3Mb Flavors: r-release-macos-arm64, r-release-macos-x86_64, r-oldrel-macos-arm64