CRAN Package Check Results for Package fdaMixed

Last updated on 2024-02-21 00:54:28 CET.

Flavor Version Tinstall Tcheck Ttotal Status Flags
r-devel-linux-x86_64-debian-clang 0.6.1 OK
r-devel-linux-x86_64-debian-gcc 0.6.1 89.07 27.74 116.81 OK
r-devel-linux-x86_64-fedora-clang 0.6.1 216.72 OK
r-devel-linux-x86_64-fedora-gcc 0.6.1 223.26 OK
r-devel-windows-x86_64 0.6.1 82.00 76.00 158.00 OK
r-patched-linux-x86_64 0.6.1 103.65 36.12 139.77 OK
r-release-linux-x86_64 0.6.1 112.43 35.66 148.09 OK
r-release-macos-arm64 0.6.1 54.00 NOTE
r-release-macos-x86_64 0.6.1 80.00 NOTE
r-release-windows-x86_64 0.6.1 107.00 83.00 190.00 OK
r-oldrel-macos-arm64 0.6.1 53.00 NOTE
r-oldrel-windows-x86_64 0.6.1 101.00 78.00 179.00 OK

Check Details

Version: 0.6.1
Check: installed package size
Result: NOTE installed size is 7.6Mb sub-directories of 1Mb or more: libs 7.5Mb Flavors: r-release-macos-arm64, r-release-macos-x86_64, r-oldrel-macos-arm64