CRAN Package Check Results for Package fdaPOIFD

Last updated on 2024-02-27 16:49:15 CET.

Flavor Version Tinstall Tcheck Ttotal Status Flags
r-devel-linux-x86_64-debian-clang 1.0.3 5.97 75.34 81.31 OK
r-devel-linux-x86_64-debian-gcc 1.0.3 5.73 56.61 62.34 OK
r-devel-linux-x86_64-fedora-clang 1.0.3 101.65 NOTE
r-devel-linux-x86_64-fedora-gcc 1.0.3 103.94 NOTE
r-devel-windows-x86_64 1.0.3 7.00 69.00 76.00 OK
r-patched-linux-x86_64 1.0.3 7.24 69.58 76.82 OK
r-release-linux-x86_64 1.0.3 4.46 72.38 76.84 OK
r-release-macos-arm64 1.0.3 38.00 OK
r-release-macos-x86_64 1.0.3 57.00 OK
r-release-windows-x86_64 1.0.3 9.00 83.00 92.00 OK
r-oldrel-macos-arm64 1.0.3 34.00 NOTE
r-oldrel-windows-x86_64 1.0.3 11.00 89.00 100.00 OK

Check Details

Version: 1.0.3
Check: dependencies in R code
Result: NOTE Namespaces in Imports field not imported from: ‘FastGP’ ‘MASS’ ‘fdapace’ All declared Imports should be used. Flavors: r-devel-linux-x86_64-fedora-clang, r-devel-linux-x86_64-fedora-gcc, r-oldrel-macos-arm64