CRAN Package Check Results for Package fdaSP

Last updated on 2024-03-03 01:00:43 CET.

Flavor Version Tinstall Tcheck Ttotal Status Flags
r-devel-linux-x86_64-debian-clang 1.1.1 318.78 106.03 424.81 OK
r-devel-linux-x86_64-debian-gcc 1.1.1 218.72 77.28 296.00 OK
r-devel-linux-x86_64-fedora-clang 1.1.1 498.35 OK
r-devel-linux-x86_64-fedora-gcc 1.1.1 531.46 OK
r-devel-windows-x86_64 1.1.1 176.00 119.00 295.00 OK
r-patched-linux-x86_64 1.1.1 257.71 101.90 359.61 OK
r-release-linux-x86_64 1.1.1 269.90 102.43 372.33 OK
r-release-macos-arm64 1.1.1 130.00 NOTE
r-release-macos-x86_64 1.1.1 272.00 NOTE
r-release-windows-x86_64 1.1.1 228.00 145.00 373.00 OK
r-oldrel-macos-arm64 1.1.1 132.00 NOTE
r-oldrel-windows-x86_64 1.1.1 208.00 135.00 343.00 OK

Check Details

Version: 1.1.1
Check: installed package size
Result: NOTE installed size is 24.8Mb sub-directories of 1Mb or more: libs 24.4Mb Flavors: r-release-macos-arm64, r-release-macos-x86_64, r-oldrel-macos-arm64