Last updated on 2023-11-28 16:48:18 CET.
Flavor | Version | Tinstall | Tcheck | Ttotal | Status | Flags |
---|---|---|---|---|---|---|
r-devel-linux-x86_64-debian-clang | 1.0.7 | 21.91 | 485.22 | 507.13 | OK | |
r-devel-linux-x86_64-debian-gcc | 1.0.7 | 15.52 | 365.53 | 381.05 | OK | |
r-devel-linux-x86_64-fedora-clang | 1.0.7 | 617.70 | NOTE | |||
r-devel-linux-x86_64-fedora-gcc | 1.0.7 | 622.19 | NOTE | |||
r-devel-windows-x86_64 | 1.0.7 | 17.00 | 380.00 | 397.00 | NOTE | |
r-patched-linux-x86_64 | 1.0.7 | 28.67 | 463.41 | 492.08 | OK | |
r-release-linux-x86_64 | 1.0.7 | 13.85 | 464.62 | 478.47 | OK | |
r-release-macos-arm64 | 1.0.7 | 162.00 | NOTE | |||
r-release-macos-x86_64 | 1.0.7 | 254.00 | NOTE | |||
r-release-windows-x86_64 | 1.0.7 | 23.00 | 498.00 | 521.00 | NOTE | |
r-oldrel-macos-arm64 | 1.0.7 | 148.00 | NOTE | |||
r-oldrel-macos-x86_64 | 1.0.6 | 242.00 | NOTE | |||
r-oldrel-windows-x86_64 | 1.0.7 | 24.00 | 489.00 | 513.00 | NOTE |
Version: 1.0.7
Check: installed package size
Result: NOTE
installed size is 5.6Mb
sub-directories of 1Mb or more:
doc 5.0Mb
Flavors: r-devel-linux-x86_64-fedora-clang, r-devel-windows-x86_64, r-release-macos-arm64, r-release-macos-x86_64, r-release-windows-x86_64, r-oldrel-macos-arm64, r-oldrel-windows-x86_64
Version: 1.0.7
Check: dependencies in R code
Result: NOTE
Namespace in Imports field not imported from: ‘tidyselect’
All declared Imports should be used.
Flavors: r-devel-linux-x86_64-fedora-clang, r-devel-linux-x86_64-fedora-gcc
Version: 1.0.6
Check: installed package size
Result: NOTE
installed size is 5.5Mb
sub-directories of 1Mb or more:
doc 4.9Mb
Flavor: r-oldrel-macos-x86_64