CRAN Package Check Results for Package findSVI

Last updated on 2024-02-24 08:49:36 CET.

Flavor Version Tinstall Tcheck Ttotal Status Flags
r-devel-linux-x86_64-debian-clang 0.1.2 15.28 59.06 74.34 OK
r-devel-linux-x86_64-debian-gcc 0.1.2 11.89 46.46 58.35 OK
r-devel-linux-x86_64-fedora-clang 0.1.2 96.03 NOTE
r-devel-linux-x86_64-fedora-gcc 0.1.2 105.91 NOTE
r-devel-windows-x86_64 0.1.2 32.00 82.00 114.00 OK
r-patched-linux-x86_64 0.1.2 10.10 57.00 67.10 OK
r-release-linux-x86_64 0.1.2 9.53 56.79 66.32 OK
r-release-macos-arm64 0.1.2 52.00 NOTE
r-release-macos-x86_64 0.1.2 90.00 NOTE
r-release-windows-x86_64 0.1.2 38.00 89.00 127.00 OK
r-oldrel-macos-arm64 0.1.2 53.00 NOTE
r-oldrel-windows-x86_64 0.1.2 40.00 97.00 137.00 OK

Check Details

Version: 0.1.2
Check: data for non-ASCII characters
Result: NOTE Note: found 222 marked UTF-8 strings Flavors: r-devel-linux-x86_64-fedora-clang, r-devel-linux-x86_64-fedora-gcc

Version: 0.1.2
Check: installed package size
Result: NOTE installed size is 5.5Mb sub-directories of 1Mb or more: data 2.4Mb extdata 2.8Mb Flavors: r-release-macos-arm64, r-release-macos-x86_64, r-oldrel-macos-arm64