CRAN Package Check Results for Package fingraph

Last updated on 2024-07-15 09:48:11 CEST.

Flavor Version Tinstall Tcheck Ttotal Status Flags
r-devel-linux-x86_64-debian-clang 0.1.0 2.81 42.98 45.79 OK
r-devel-linux-x86_64-debian-gcc 0.1.0 2.43 31.28 33.71 OK
r-devel-linux-x86_64-fedora-clang 0.1.0 59.59 NOTE
r-devel-linux-x86_64-fedora-gcc 0.1.0 47.73 NOTE
r-devel-windows-x86_64 0.1.0 4.00 52.00 56.00 OK
r-patched-linux-x86_64 0.1.0 3.26 40.86 44.12 OK
r-release-linux-x86_64 0.1.0 3.33 40.11 43.44 OK
r-release-macos-arm64 0.1.0 17.00 OK
r-release-macos-x86_64 0.1.0 37.00 OK
r-release-windows-x86_64 0.1.0 4.00 52.00 56.00 OK
r-oldrel-macos-arm64 0.1.0 21.00 OK
r-oldrel-macos-x86_64 0.1.0 27.00 OK
r-oldrel-windows-x86_64 0.1.0 5.00 51.00 56.00 OK

Check Details

Version: 0.1.0
Check: dependencies in R code
Result: NOTE Namespace in Imports field not imported from: ‘mvtnorm’ All declared Imports should be used. Flavors: r-devel-linux-x86_64-fedora-clang, r-devel-linux-x86_64-fedora-gcc