CRAN Package Check Results for Package fingraph

Last updated on 2024-02-25 16:51:41 CET.

Flavor Version Tinstall Tcheck Ttotal Status Flags
r-devel-linux-x86_64-debian-clang 0.1.0 2.77 42.10 44.87 OK
r-devel-linux-x86_64-debian-gcc 0.1.0 2.49 31.74 34.23 OK
r-devel-linux-x86_64-fedora-clang 0.1.0 55.32 NOTE
r-devel-linux-x86_64-fedora-gcc 0.1.0 48.21 NOTE
r-devel-windows-x86_64 0.1.0 4.00 50.00 54.00 OK
r-patched-linux-x86_64 0.1.0 3.11 41.26 44.37 OK
r-release-linux-x86_64 0.1.0 3.12 41.00 44.12 OK
r-release-macos-arm64 0.1.0 21.00 OK
r-release-macos-x86_64 0.1.0 27.00 OK
r-release-windows-x86_64 0.1.0 5.00 49.00 54.00 OK
r-oldrel-macos-arm64 0.1.0 20.00 OK
r-oldrel-windows-x86_64 0.1.0 4.00 60.00 64.00 OK

Check Details

Version: 0.1.0
Check: dependencies in R code
Result: NOTE Namespace in Imports field not imported from: ‘mvtnorm’ All declared Imports should be used. Flavors: r-devel-linux-x86_64-fedora-clang, r-devel-linux-x86_64-fedora-gcc