CRAN Package Check Results for Package finnts

Last updated on 2024-02-24 16:48:19 CET.

Flavor Version Tinstall Tcheck Ttotal Status Flags
r-devel-linux-x86_64-debian-clang 0.4.0 27.17 2306.72 2333.89 ERROR
r-devel-linux-x86_64-debian-gcc 0.4.0 23.93 2300.39 2324.32 OK
r-devel-linux-x86_64-fedora-clang 0.4.0 2936.16 NOTE
r-devel-linux-x86_64-fedora-gcc 0.4.0 2173.11 OK
r-devel-windows-x86_64 0.4.0 23.00 70966.00 70989.00 OK
r-patched-linux-x86_64 0.4.0 23.70 598.48 622.18 OK
r-release-linux-x86_64 0.4.0 26.27 592.60 618.87 OK
r-release-macos-arm64 0.4.0 161.00 OK
r-release-macos-x86_64 0.4.0 276.00 OK
r-release-windows-x86_64 0.4.0 32.00 605.00 637.00 OK
r-oldrel-macos-arm64 0.4.0 153.00 OK
r-oldrel-windows-x86_64 0.4.0 36.00 612.00 648.00 OK

Check Details

Version: 0.4.0
Check: package dependencies
Result: NOTE Package suggested but not available for checking: ‘arrow’ Flavor: r-devel-linux-x86_64-debian-clang

Version: 0.4.0
Check: re-building of vignette outputs
Result: ERROR Error(s) in re-building vignettes: ... --- re-building ‘back-testing-and-hyperparameter-tuning.Rmd’ using rmarkdown --- finished re-building ‘back-testing-and-hyperparameter-tuning.Rmd’ --- re-building ‘best-model-selection.Rmd’ using rmarkdown --- finished re-building ‘best-model-selection.Rmd’ --- re-building ‘external-regressors.Rmd’ using rmarkdown --- finished re-building ‘external-regressors.Rmd’ --- re-building ‘feature-engineering.Rmd’ using rmarkdown --- finished re-building ‘feature-engineering.Rmd’ --- re-building ‘feature-selection.Rmd’ using rmarkdown --- finished re-building ‘feature-selection.Rmd’ --- re-building ‘finnts.Rmd’ using rmarkdown --- finished re-building ‘finnts.Rmd’ +-+finnts.html Assertion failure at kmp_runtime.cpp(6891): temp_reg_status_file_name. OMP: Error #13: Assertion failure at kmp_runtime.cpp(6891). OMP: Hint Please submit a bug report with this message, compile and run commands used, and machine configuration info including native compiler and operating system versions. Faster response will be obtained by including all program sources. For information on submitting this issue, please see https://github.com/llvm/llvm-project/issues/. Assertion failure at kmp_runtime.cpp(6891): temp_reg_status_file_name. OMP: Error #13: Assertion failure at kmp_runtime.cpp(6891). OMP: Hint Please submit a bug report with this message, compile and run commands used, and machine configuration info including native compiler and operating system versions. Faster response will be obtained by including all program sources. For information on submitting this issue, please see https://github.com/llvm/llvm-project/issues/. Killed --- re-building ‘forecast-components.Rmd’ using rmarkdown --- finished re-building ‘forecast-components.Rmd’ --- re-building ‘hierarchical-forecasting.Rmd’ using rmarkdown --- finished re-building ‘hierarchical-forecasting.Rmd’ --- re-building ‘models-used-in-finnts.Rmd’ using rmarkdown --- finished re-building ‘models-used-in-finnts.Rmd’ --- re-building ‘parallel-processing.Rmd’ using rmarkdown --- finished re-building ‘parallel-processing.Rmd’ --- re-building ‘tips-for-production.Rmd’ using rmarkdown --- finished re-building ‘tips-for-production.Rmd’ SUMMARY: processing the following file failed: ‘finnts.Rmd’ Error: Vignette re-building failed. Execution halted Flavor: r-devel-linux-x86_64-debian-clang

Version: 0.4.0
Check: package dependencies
Result: NOTE Imports includes 33 non-default packages. Importing from so many packages makes the package vulnerable to any of them becoming unavailable. Move as many as possible to Suggests and use conditionally. Flavor: r-devel-linux-x86_64-fedora-clang