CRAN Package Check Results for Package fishRman

Last updated on 2024-06-17 00:49:58 CEST.

Flavor Version Tinstall Tcheck Ttotal Status Flags
r-devel-linux-x86_64-debian-clang 1.2.3 10.77 78.50 89.27 OK
r-devel-linux-x86_64-debian-gcc 1.2.3 7.02 60.11 67.13 OK
r-devel-linux-x86_64-fedora-clang 1.2.3 115.67 NOTE
r-devel-linux-x86_64-fedora-gcc 1.2.3 104.18 NOTE
r-devel-windows-x86_64 1.2.3 9.00 75.00 84.00 OK
r-patched-linux-x86_64 1.2.3 7.41 77.26 84.67 OK
r-release-linux-x86_64 1.2.3 7.00 77.25 84.25 OK
r-release-macos-arm64 1.2.3 31.00 OK
r-release-macos-x86_64 1.2.3 51.00 OK
r-release-windows-x86_64 1.2.3 10.00 77.00 87.00 OK
r-oldrel-macos-arm64 1.2.3 39.00 OK
r-oldrel-macos-x86_64 1.2.3 81.00 OK
r-oldrel-windows-x86_64 1.2.3 12.00 90.00 102.00 OK

Check Details

Version: 1.2.3
Check: dependencies in R code
Result: NOTE Namespaces in Imports field not imported from: ‘httr’ ‘jsonlite’ All declared Imports should be used. Flavors: r-devel-linux-x86_64-fedora-clang, r-devel-linux-x86_64-fedora-gcc