CRAN Package Check Results for Package fishmethods

Last updated on 2024-02-26 00:50:46 CET.

Flavor Version Tinstall Tcheck Ttotal Status Flags
r-devel-linux-x86_64-debian-clang 1.12-1 129.50 235.53 365.03 OK
r-devel-linux-x86_64-debian-gcc 1.12-1 104.48 169.19 273.67 OK
r-devel-linux-x86_64-fedora-clang 1.12-1 437.25 OK
r-devel-linux-x86_64-fedora-gcc 1.12-1 488.10 OK
r-devel-windows-x86_64 1.12-1 93.00 198.00 291.00 NOTE
r-patched-linux-x86_64 1.12-1 128.93 229.82 358.75 OK
r-release-linux-x86_64 1.12-1 96.42 232.31 328.73 OK
r-release-macos-arm64 1.12-1 102.00 NOTE
r-release-macos-x86_64 1.12-1 257.00 NOTE
r-release-windows-x86_64 1.12-1 124.00 249.00 373.00 NOTE
r-oldrel-macos-arm64 1.12-1 90.00 NOTE
r-oldrel-windows-x86_64 1.12-1 115.00 240.00 355.00 NOTE

Check Details

Version: 1.12-1
Check: installed package size
Result: NOTE installed size is 14.0Mb sub-directories of 1Mb or more: libs 12.8Mb Flavors: r-devel-windows-x86_64, r-release-macos-arm64, r-release-macos-x86_64, r-release-windows-x86_64, r-oldrel-macos-arm64, r-oldrel-windows-x86_64