CRAN Package Check Results for Package fitODBOD

Last updated on 2024-03-03 01:00:43 CET.

Flavor Version Tinstall Tcheck Ttotal Status Flags
r-devel-linux-x86_64-debian-clang 1.5.1 11.51 182.41 193.92 OK
r-devel-linux-x86_64-debian-gcc 1.5.1 7.84 130.68 138.52 OK
r-devel-linux-x86_64-fedora-clang 1.5.1 241.28 NOTE
r-devel-linux-x86_64-fedora-gcc 1.5.1 236.94 OK
r-devel-windows-x86_64 1.5.1 10.00 188.00 198.00 OK
r-patched-linux-x86_64 1.5.1 11.56 178.31 189.87 OK
r-release-linux-x86_64 1.5.1 8.94 176.81 185.75 OK
r-release-macos-arm64 1.5.1 63.00 OK
r-release-macos-x86_64 1.5.1 184.00 OK
r-release-windows-x86_64 1.5.1 14.00 228.00 242.00 OK
r-oldrel-macos-arm64 1.5.1 62.00 OK
r-oldrel-windows-x86_64 1.5.1 14.00 192.00 206.00 OK

Check Details

Version: 1.5.1
Check: Rd cross-references
Result: NOTE Undeclared package ‘extraDistr’ in Rd xrefs Flavor: r-devel-linux-x86_64-fedora-clang