CRAN Package Check Results for Package fitbitScraper

Last updated on 2024-02-24 16:48:19 CET.

Flavor Version Tinstall Tcheck Ttotal Status Flags
r-devel-linux-x86_64-debian-clang 0.1.8 1.69 24.44 26.13 NOTE --no-vignettes
r-devel-linux-x86_64-debian-gcc 0.1.8 1.95 19.51 21.46 NOTE --no-vignettes
r-devel-linux-x86_64-fedora-clang 0.1.8 35.08 NOTE --no-vignettes
r-devel-linux-x86_64-fedora-gcc 0.1.8 34.09 NOTE --no-vignettes
r-devel-windows-x86_64 0.1.8 3.00 59.00 62.00 NOTE --no-vignettes
r-patched-linux-x86_64 0.1.8 2.39 23.38 25.77 NOTE --no-vignettes
r-release-linux-x86_64 0.1.8 1.81 23.02 24.83 NOTE --no-vignettes
r-release-macos-arm64 0.1.8 22.00 ERROR
r-release-macos-x86_64 0.1.8 39.00 ERROR
r-release-windows-x86_64 0.1.8 4.00 46.00 50.00 NOTE --no-vignettes
r-oldrel-macos-arm64 0.1.8 17.00 ERROR
r-oldrel-windows-x86_64 0.1.8 4.00 48.00 52.00 NOTE --no-vignettes

Check Details

Version: 0.1.8
Flags: --no-vignettes
Check: LazyData
Result: NOTE 'LazyData' is specified without a 'data' directory Flavors: r-devel-linux-x86_64-debian-clang, r-devel-linux-x86_64-debian-gcc, r-devel-linux-x86_64-fedora-clang, r-devel-linux-x86_64-fedora-gcc, r-devel-windows-x86_64, r-patched-linux-x86_64, r-release-linux-x86_64, r-release-windows-x86_64, r-oldrel-windows-x86_64

Version: 0.1.8
Check: LazyData
Result: NOTE 'LazyData' is specified without a 'data' directory Flavors: r-release-macos-arm64, r-release-macos-x86_64, r-oldrel-macos-arm64

Version: 0.1.8
Check: re-building of vignette outputs
Result: ERROR Error(s) in re-building vignettes: ... --- re-building ‘fitbitScraper-examples.Rmd’ using rmarkdown Quitting from lines 22-24 (fitbitScraper-examples.Rmd) Error: processing vignette 'fitbitScraper-examples.Rmd' failed with diagnostics: login failed --- failed re-building ‘fitbitScraper-examples.Rmd’ SUMMARY: processing the following file failed: ‘fitbitScraper-examples.Rmd’ Error: Vignette re-building failed. Execution halted Flavors: r-release-macos-arm64, r-oldrel-macos-arm64

Version: 0.1.8
Check: re-building of vignette outputs
Result: ERROR Error(s) in re-building vignettes: ... --- re-building ‘fitbitScraper-examples.Rmd’ using rmarkdown Pandoc is required to build R Markdown vignettes but not available. Please make sure it is installed. Quitting from lines 22-24 (fitbitScraper-examples.Rmd) Error: processing vignette 'fitbitScraper-examples.Rmd' failed with diagnostics: login failed --- failed re-building ‘fitbitScraper-examples.Rmd’ SUMMARY: processing the following file failed: ‘fitbitScraper-examples.Rmd’ Error: Vignette re-building failed. Execution halted Flavor: r-release-macos-x86_64