Last updated on 2024-05-08 00:49:46 CEST.
Flavor | Version | Tinstall | Tcheck | Ttotal | Status | Flags |
---|---|---|---|---|---|---|
r-devel-linux-x86_64-debian-clang | 0.1.0 | 6.94 | 60.79 | 67.73 | OK | |
r-devel-linux-x86_64-debian-gcc | 0.1.0 | 5.71 | 46.23 | 51.94 | OK | |
r-devel-linux-x86_64-fedora-clang | 0.1.0 | 93.45 | NOTE | |||
r-devel-linux-x86_64-fedora-gcc | 0.1.0 | 136.29 | OK | |||
r-devel-windows-x86_64 | 0.1.0 | 9.00 | 65.00 | 74.00 | OK | |
r-patched-linux-x86_64 | 0.1.0 | 5.03 | 58.38 | 63.41 | OK | |
r-release-linux-x86_64 | 0.1.0 | 4.92 | 58.18 | 63.10 | OK | |
r-release-macos-arm64 | 0.1.0 | 28.00 | OK | |||
r-release-windows-x86_64 | 0.1.0 | 8.00 | 65.00 | 73.00 | OK | |
r-oldrel-macos-arm64 | 0.1.0 | 29.00 | OK | |||
r-oldrel-macos-x86_64 | 0.1.0 | 39.00 | OK | |||
r-oldrel-windows-x86_64 | 0.1.0 | 11.00 | 72.00 | 83.00 | OK |
Version: 0.1.0
Check: Rd cross-references
Result: NOTE
Undeclared package ‘ks’ in Rd xrefs
Flavor: r-devel-linux-x86_64-fedora-clang