Last updated on 2024-04-23 16:58:15 CEST.
Flavor | Version | Tinstall | Tcheck | Ttotal | Status | Flags |
---|---|---|---|---|---|---|
r-devel-linux-x86_64-debian-clang | 0.2.0 | 7.69 | 70.55 | 78.24 | NOTE | |
r-devel-linux-x86_64-debian-gcc | 0.2.0 | 6.07 | 50.86 | 56.93 | NOTE | |
r-devel-linux-x86_64-fedora-clang | 0.2.0 | 102.18 | NOTE | |||
r-devel-linux-x86_64-fedora-gcc | 0.2.0 | 92.91 | NOTE | |||
r-prerel-macos-arm64 | 0.2.0 | 28.00 | NOTE | |||
r-prerel-windows-x86_64 | 0.2.0 | 8.00 | 68.00 | 76.00 | NOTE | |
r-patched-linux-x86_64 | 0.2.0 | 6.90 | 64.16 | 71.06 | NOTE | |
r-release-linux-x86_64 | 0.2.0 | 6.30 | 66.93 | 73.23 | NOTE | |
r-release-macos-arm64 | 0.2.0 | 34.00 | NOTE | |||
r-release-macos-x86_64 | 0.2.0 | 46.00 | NOTE | |||
r-release-windows-x86_64 | 0.2.0 | 10.00 | 79.00 | 89.00 | NOTE | |
r-oldrel-macos-arm64 | 0.2.0 | 32.00 | OK | |||
r-oldrel-windows-x86_64 | 0.2.0 | 10.00 | 89.00 | 99.00 | NOTE |
Version: 0.2.0
Check: package dependencies
Result: NOTE
Packages suggested but not available for checking:
'nCDunnett', 'reliaR', 'STAR'
Flavors: r-devel-linux-x86_64-debian-clang, r-devel-linux-x86_64-debian-gcc, r-devel-linux-x86_64-fedora-clang, r-devel-linux-x86_64-fedora-gcc, r-prerel-macos-arm64, r-patched-linux-x86_64, r-release-linux-x86_64
Version: 0.2.0
Check: package dependencies
Result: NOTE
Packages suggested but not available for checking: 'reliaR', 'STAR'
Flavors: r-prerel-windows-x86_64, r-release-windows-x86_64, r-oldrel-windows-x86_64
Version: 0.2.0
Check: package dependencies
Result: NOTE
Packages suggested but not available for checking:
'benchden', 'reliaR', 'STAR'
Flavors: r-release-macos-arm64, r-release-macos-x86_64