CRAN Package Check Results for Package flatxml

Last updated on 2024-02-25 16:51:41 CET.

Flavor Version Tinstall Tcheck Ttotal Status Flags
r-devel-linux-x86_64-debian-clang 0.1.1 3.53 46.73 50.26 NOTE
r-devel-linux-x86_64-debian-gcc 0.1.1 2.50 34.89 37.39 NOTE
r-devel-linux-x86_64-fedora-clang 0.1.1 59.14 NOTE
r-devel-linux-x86_64-fedora-gcc 0.1.1 60.78 NOTE
r-devel-windows-x86_64 0.1.1 4.00 62.00 66.00 NOTE
r-patched-linux-x86_64 0.1.1 4.19 45.48 49.67 NOTE
r-release-linux-x86_64 0.1.1 2.79 45.63 48.42 NOTE
r-release-macos-arm64 0.1.1 23.00 NOTE
r-release-macos-x86_64 0.1.1 31.00 NOTE
r-release-windows-x86_64 0.1.1 5.00 66.00 71.00 NOTE
r-oldrel-macos-arm64 0.1.1 18.00 NOTE
r-oldrel-windows-x86_64 0.1.1 5.00 67.00 72.00 NOTE

Check Details

Version: 0.1.1
Check: LazyData
Result: NOTE 'LazyData' is specified without a 'data' directory Flavors: r-devel-linux-x86_64-debian-clang, r-devel-linux-x86_64-debian-gcc, r-devel-linux-x86_64-fedora-clang, r-devel-linux-x86_64-fedora-gcc, r-devel-windows-x86_64, r-patched-linux-x86_64, r-release-linux-x86_64, r-release-macos-arm64, r-release-macos-x86_64, r-release-windows-x86_64, r-oldrel-macos-arm64, r-oldrel-windows-x86_64

Version: 0.1.1
Check: dependencies in R code
Result: NOTE Namespace in Imports field not imported from: ‘RCurl’ All declared Imports should be used. Flavors: r-devel-linux-x86_64-fedora-clang, r-devel-linux-x86_64-fedora-gcc, r-oldrel-macos-arm64