CRAN Package Check Results for Package fmf

Last updated on 2024-02-28 00:56:20 CET.

Flavor Version Tinstall Tcheck Ttotal Status Flags
r-devel-linux-x86_64-debian-clang 1.1.1 56.21 168.55 224.76 NOTE
r-devel-linux-x86_64-debian-gcc 1.1.1 43.49 127.80 171.29 NOTE
r-devel-linux-x86_64-fedora-clang 1.1.1 293.34 NOTE
r-devel-linux-x86_64-fedora-gcc 1.1.1 294.67 NOTE
r-devel-windows-x86_64 1.1.1 44.00 149.00 193.00 NOTE
r-patched-linux-x86_64 1.1.1 55.87 166.17 222.04 NOTE
r-release-linux-x86_64 1.1.1 53.71 160.28 213.99 NOTE
r-release-macos-arm64 1.1.1 77.00 NOTE
r-release-macos-x86_64 1.1.1 130.00 NOTE
r-release-windows-x86_64 1.1.1 61.00 185.00 246.00 NOTE
r-oldrel-macos-arm64 1.1.1 68.00 OK
r-oldrel-windows-x86_64 1.1.1 58.00 185.00 243.00 OK

Check Details

Version: 1.1.1
Check: C++ specification
Result: NOTE Specified C++11: please drop specification unless essential Flavors: r-devel-linux-x86_64-debian-clang, r-devel-linux-x86_64-debian-gcc, r-devel-linux-x86_64-fedora-clang, r-devel-linux-x86_64-fedora-gcc, r-devel-windows-x86_64, r-patched-linux-x86_64, r-release-linux-x86_64, r-release-macos-arm64, r-release-macos-x86_64, r-release-windows-x86_64