Last updated on 2023-12-10 16:51:13 CET.
Flavor | Version | Tinstall | Tcheck | Ttotal | Status | Flags |
---|---|---|---|---|---|---|
r-devel-linux-x86_64-debian-clang | 1.5.2 | 2.98 | 57.44 | 60.42 | OK | |
r-devel-linux-x86_64-debian-gcc | 1.5.2 | 2.45 | 44.38 | 46.83 | OK | |
r-devel-linux-x86_64-fedora-clang | 1.5.2 | 75.13 | OK | |||
r-devel-linux-x86_64-fedora-gcc | 1.5.2 | 82.81 | OK | |||
r-devel-windows-x86_64 | 1.5.2 | 5.00 | 144.00 | 149.00 | NOTE | |
r-patched-linux-x86_64 | 1.5.2 | 3.19 | 57.30 | 60.49 | OK | |
r-release-linux-x86_64 | 1.5.2 | 2.53 | 56.48 | 59.01 | OK | |
r-release-macos-arm64 | 1.5.2 | 111.00 | OK | |||
r-release-macos-x86_64 | 1.5.2 | 122.00 | OK | |||
r-release-windows-x86_64 | 1.5.2 | 6.00 | 152.00 | 158.00 | NOTE | |
r-oldrel-macos-arm64 | 1.5.2 | 105.00 | OK | |||
r-oldrel-macos-x86_64 | 1.5.2 | 114.00 | OK | |||
r-oldrel-windows-x86_64 | 1.5.2 | 5.00 | 152.00 | 157.00 | NOTE |
Version: 1.5.2
Check: package dependencies
Result: NOTE
Package suggested but not available for checking: 'doMC'
Flavors: r-devel-windows-x86_64, r-release-windows-x86_64, r-oldrel-windows-x86_64