CRAN Package Check Results for Package forecastHybrid

Last updated on 2024-02-28 08:54:28 CET.

Flavor Version Tinstall Tcheck Ttotal Status Flags
r-devel-linux-x86_64-debian-clang 5.0.19 11.12 350.52 361.64 NOTE
r-devel-linux-x86_64-debian-gcc 5.0.19 6.74 251.00 257.74 NOTE
r-devel-linux-x86_64-fedora-clang 5.0.19 453.43 NOTE
r-devel-linux-x86_64-fedora-gcc 5.0.19 456.63 NOTE
r-devel-windows-x86_64 5.0.19 9.00 282.00 291.00 NOTE
r-patched-linux-x86_64 5.0.19 11.11 344.54 355.65 NOTE
r-release-linux-x86_64 5.0.19 5.63 340.33 345.96 NOTE
r-release-macos-arm64 5.0.19 107.00 NOTE
r-release-macos-x86_64 5.0.19 187.00 NOTE
r-release-windows-x86_64 5.0.19 12.00 380.00 392.00 NOTE
r-oldrel-macos-arm64 5.0.19 101.00 NOTE
r-oldrel-windows-x86_64 5.0.19 11.00 377.00 388.00 NOTE

Check Details

Version: 5.0.19
Check: LazyData
Result: NOTE 'LazyData' is specified without a 'data' directory Flavors: r-devel-linux-x86_64-debian-clang, r-devel-linux-x86_64-debian-gcc, r-devel-linux-x86_64-fedora-clang, r-devel-linux-x86_64-fedora-gcc, r-devel-windows-x86_64, r-patched-linux-x86_64, r-release-linux-x86_64, r-release-macos-arm64, r-release-macos-x86_64, r-release-windows-x86_64, r-oldrel-macos-arm64, r-oldrel-windows-x86_64