Last updated on 2024-05-04 08:51:16 CEST.
Flavor | Version | Tinstall | Tcheck | Ttotal | Status | Flags |
---|---|---|---|---|---|---|
r-devel-linux-x86_64-debian-clang | 0.5.100 | 11.94 | 111.67 | 123.61 | NOTE | |
r-devel-linux-x86_64-debian-gcc | 0.5.100 | 9.10 | 81.85 | 90.95 | NOTE | |
r-devel-linux-x86_64-fedora-clang | 0.5.100 | 187.26 | NOTE | |||
r-devel-linux-x86_64-fedora-gcc | 0.5.100 | 172.72 | NOTE | |||
r-devel-windows-x86_64 | 0.5.100 | 10.00 | 94.00 | 104.00 | NOTE | |
r-patched-linux-x86_64 | 0.5.100 | 12.55 | 105.14 | 117.69 | NOTE | |
r-release-linux-x86_64 | 0.5.100 | 10.20 | 103.72 | 113.92 | NOTE | |
r-release-macos-arm64 | 0.5.100 | 43.00 | NOTE | |||
r-release-windows-x86_64 | 0.5.100 | 10.00 | 93.00 | 103.00 | NOTE | |
r-oldrel-macos-arm64 | 0.5.100 | 46.00 | NOTE | |||
r-oldrel-macos-x86_64 | 0.5.100 | 79.00 | NOTE | |||
r-oldrel-windows-x86_64 | 0.5.100 | 13.00 | 110.00 | 123.00 | NOTE |
Version: 0.5.100
Check: package subdirectories
Result: NOTE
Problems with news in ‘NEWS.md’:
No news entries found.
Flavors: r-devel-linux-x86_64-debian-clang, r-devel-linux-x86_64-debian-gcc, r-devel-linux-x86_64-fedora-clang, r-devel-linux-x86_64-fedora-gcc, r-devel-windows-x86_64, r-patched-linux-x86_64, r-release-linux-x86_64, r-release-macos-arm64, r-release-windows-x86_64, r-oldrel-macos-arm64, r-oldrel-macos-x86_64, r-oldrel-windows-x86_64