Last updated on 2023-09-21 17:55:44 CEST.
Flavor | Version | Tinstall | Tcheck | Ttotal | Status | Flags |
---|---|---|---|---|---|---|
r-devel-linux-x86_64-debian-clang | 0.2.1 | 399.82 | 56.19 | 456.01 | OK | |
r-devel-linux-x86_64-debian-gcc | 0.2.1 | 276.72 | 48.74 | 325.46 | OK | |
r-devel-linux-x86_64-fedora-clang | 0.2.1 | 622.76 | NOTE | |||
r-devel-linux-x86_64-fedora-gcc | 0.2.1 | 672.52 | OK | |||
r-devel-windows-x86_64 | 0.2.1 | 183.00 | 119.00 | 302.00 | OK | |
r-patched-linux-x86_64 | 0.2.1 | 343.58 | 60.37 | 403.95 | OK | |
r-release-linux-x86_64 | 0.2.1 | 349.31 | 61.70 | 411.01 | OK | |
r-release-macos-arm64 | 0.2.1 | 162.00 | NOTE | |||
r-release-macos-x86_64 | 0.2.1 | 278.00 | NOTE | |||
r-release-windows-x86_64 | 0.2.1 | 214.00 | 125.00 | 339.00 | OK | |
r-oldrel-macos-arm64 | 0.2.1 | 150.00 | NOTE | |||
r-oldrel-macos-x86_64 | 0.2.1 | 217.00 | NOTE | |||
r-oldrel-windows-x86_64 | 0.2.1 | 270.00 | 117.00 | 387.00 | OK |
Version: 0.2.1
Check: installed package size
Result: NOTE
installed size is 8.5Mb
sub-directories of 1Mb or more:
libs 8.0Mb
Flavors: r-devel-linux-x86_64-fedora-clang, r-release-macos-arm64, r-release-macos-x86_64, r-oldrel-macos-arm64, r-oldrel-macos-x86_64