CRAN Package Check Results for Package frostr

Last updated on 2024-02-27 00:59:17 CET.

Flavor Version Tinstall Tcheck Ttotal Status Flags
r-devel-linux-x86_64-debian-clang 0.2.0 5.32 37.01 42.33 NOTE
r-devel-linux-x86_64-debian-gcc 0.2.0 3.84 32.71 36.55 NOTE
r-devel-linux-x86_64-fedora-clang 0.2.0 64.78 NOTE
r-devel-linux-x86_64-fedora-gcc 0.2.0 57.12 NOTE
r-devel-windows-x86_64 0.2.0 5.00 53.00 58.00 NOTE
r-patched-linux-x86_64 0.2.0 3.53 41.81 45.34 NOTE
r-release-linux-x86_64 0.2.0 4.55 41.60 46.15 NOTE
r-release-macos-arm64 0.2.0 21.00 NOTE
r-release-macos-x86_64 0.2.0 30.00 NOTE
r-release-windows-x86_64 0.2.0 7.00 58.00 65.00 NOTE
r-oldrel-macos-arm64 0.2.0 18.00 NOTE
r-oldrel-windows-x86_64 0.2.0 8.00 60.00 68.00 NOTE

Check Details

Version: 0.2.0
Check: LazyData
Result: NOTE 'LazyData' is specified without a 'data' directory Flavors: r-devel-linux-x86_64-debian-clang, r-devel-linux-x86_64-debian-gcc, r-devel-linux-x86_64-fedora-clang, r-devel-linux-x86_64-fedora-gcc, r-devel-windows-x86_64, r-patched-linux-x86_64, r-release-linux-x86_64, r-release-macos-arm64, r-release-macos-x86_64, r-release-windows-x86_64, r-oldrel-macos-arm64, r-oldrel-windows-x86_64