CRAN Package Check Results for Package fssemR

Last updated on 2024-03-03 01:00:44 CET.

Flavor Version Tinstall Tcheck Ttotal Status Flags
r-devel-linux-x86_64-debian-clang 0.1.8 53.90 164.47 218.37 NOTE
r-devel-linux-x86_64-debian-gcc 0.1.8 55.66 123.64 179.30 NOTE
r-devel-linux-x86_64-fedora-clang 0.1.8 276.03 NOTE
r-devel-linux-x86_64-fedora-gcc 0.1.8 221.03 NOTE
r-devel-windows-x86_64 0.1.8 47.00 170.00 217.00 NOTE
r-patched-linux-x86_64 0.1.8 61.08 164.57 225.65 NOTE
r-release-linux-x86_64 0.1.8 63.62 163.85 227.47 NOTE
r-release-macos-arm64 0.1.8 83.00 NOTE
r-release-macos-x86_64 0.1.8 117.00 NOTE
r-release-windows-x86_64 0.1.8 55.00 201.00 256.00 NOTE
r-oldrel-macos-arm64 0.1.8 69.00 NOTE
r-oldrel-windows-x86_64 0.1.8 53.00 193.00 246.00 OK

Check Details

Version: 0.1.8
Check: C++ specification
Result: NOTE Specified C++11: please drop specification unless essential Flavors: r-devel-linux-x86_64-debian-clang, r-devel-linux-x86_64-debian-gcc, r-devel-linux-x86_64-fedora-clang, r-devel-linux-x86_64-fedora-gcc, r-devel-windows-x86_64, r-patched-linux-x86_64, r-release-linux-x86_64, r-release-macos-arm64, r-release-macos-x86_64, r-release-windows-x86_64

Version: 0.1.8
Check: dependencies in R code
Result: NOTE Namespace in Imports field not imported from: ‘qpdf’ All declared Imports should be used. Flavors: r-devel-linux-x86_64-fedora-clang, r-devel-linux-x86_64-fedora-gcc, r-oldrel-macos-arm64

Version: 0.1.8
Check: installed package size
Result: NOTE installed size is 14.9Mb sub-directories of 1Mb or more: libs 14.2Mb Flavors: r-release-macos-arm64, r-release-macos-x86_64, r-oldrel-macos-arm64