CRAN Package Check Results for Package fude

Last updated on 2024-02-29 15:53:45 CET.

Flavor Version Tinstall Tcheck Ttotal Status Flags
r-devel-linux-x86_64-debian-clang 0.3.5 3.02 31.65 34.67 OK
r-devel-linux-x86_64-debian-gcc 0.3.5 2.42 24.02 26.44 OK
r-devel-linux-x86_64-fedora-clang 0.3.5 44.95 NOTE
r-devel-linux-x86_64-fedora-gcc 0.3.5 41.07 NOTE
r-devel-windows-x86_64 0.3.5 4.00 53.00 57.00 OK
r-patched-linux-x86_64 0.3.5 2.93 31.01 33.94 OK
r-release-linux-x86_64 0.3.5 2.79 30.84 33.63 OK
r-release-macos-arm64 0.3.5 109.00 OK
r-release-macos-x86_64 0.3.5 30.00 OK
r-release-windows-x86_64 0.3.5 5.00 54.00 59.00 OK
r-oldrel-macos-arm64 0.3.5 22.00 OK
r-oldrel-windows-x86_64 0.3.5 5.00 56.00 61.00 OK

Check Details

Version: 0.3.5
Check: data for non-ASCII characters
Result: NOTE Note: found 7921 marked UTF-8 strings Flavors: r-devel-linux-x86_64-fedora-clang, r-devel-linux-x86_64-fedora-gcc