CRAN Package Check Results for Package funkyheatmap

Last updated on 2024-03-03 01:00:44 CET.

Flavor Version Tinstall Tcheck Ttotal Status Flags
r-devel-linux-x86_64-debian-clang 0.5.0 9.99 144.63 154.62 OK
r-devel-linux-x86_64-debian-gcc 0.5.0 7.83 111.03 118.86 OK
r-devel-linux-x86_64-fedora-clang 0.5.0 204.29 NOTE
r-devel-linux-x86_64-fedora-gcc 0.5.0 194.45 NOTE
r-devel-windows-x86_64 0.5.0 10.00 122.00 132.00 OK
r-patched-linux-x86_64 0.5.0 14.67 141.63 156.30 OK
r-release-linux-x86_64 0.5.0 6.72 139.82 146.54 OK
r-release-macos-arm64 0.5.0 58.00 OK
r-release-macos-x86_64 0.5.0 146.00 OK
r-release-windows-x86_64 0.5.0 13.00 153.00 166.00 OK
r-oldrel-macos-arm64 0.5.0 57.00 OK
r-oldrel-windows-x86_64 0.5.0 13.00 158.00 171.00 OK

Check Details

Version: 0.5.0
Check: data for non-ASCII characters
Result: NOTE Note: found 36 marked UTF-8 strings Flavors: r-devel-linux-x86_64-fedora-clang, r-devel-linux-x86_64-fedora-gcc