CRAN Package Check Results for Package funprog

Last updated on 2024-02-21 00:54:28 CET.

Flavor Version Tinstall Tcheck Ttotal Status Flags
r-devel-linux-x86_64-debian-clang 0.3.0 NOTE
r-devel-linux-x86_64-debian-gcc 0.3.0 1.59 19.53 21.12 NOTE
r-devel-linux-x86_64-fedora-clang 0.3.0 34.10 NOTE
r-devel-linux-x86_64-fedora-gcc 0.3.0 32.15 NOTE
r-devel-windows-x86_64 0.3.0 2.00 41.00 43.00 NOTE
r-patched-linux-x86_64 0.3.0 2.39 24.78 27.17 NOTE
r-release-linux-x86_64 0.3.0 2.28 24.62 26.90 NOTE
r-release-macos-arm64 0.3.0 16.00 NOTE
r-release-macos-x86_64 0.3.0 21.00 NOTE
r-release-windows-x86_64 0.3.0 3.00 42.00 45.00 NOTE
r-oldrel-macos-arm64 0.3.0 19.00 NOTE
r-oldrel-windows-x86_64 0.3.0 4.00 45.00 49.00 NOTE

Check Details

Version: 0.3.0
Check: LazyData
Result: NOTE 'LazyData' is specified without a 'data' directory Flavors: r-devel-linux-x86_64-debian-clang, r-devel-linux-x86_64-debian-gcc, r-devel-linux-x86_64-fedora-clang, r-devel-linux-x86_64-fedora-gcc, r-devel-windows-x86_64, r-patched-linux-x86_64, r-release-linux-x86_64, r-release-macos-arm64, r-release-macos-x86_64, r-release-windows-x86_64, r-oldrel-macos-arm64, r-oldrel-windows-x86_64