CRAN Package Check Results for Package fuzzr

Last updated on 2024-02-27 00:59:17 CET.

Flavor Version Tinstall Tcheck Ttotal Status Flags
r-devel-linux-x86_64-debian-clang 0.2.2 2.62 40.79 43.41 NOTE
r-devel-linux-x86_64-debian-gcc 0.2.2 1.93 34.57 36.50 NOTE
r-devel-linux-x86_64-fedora-clang 0.2.2 62.21 NOTE
r-devel-linux-x86_64-fedora-gcc 0.2.2 68.52 NOTE
r-devel-windows-x86_64 0.2.2 3.00 54.00 57.00 NOTE
r-patched-linux-x86_64 0.2.2 1.97 44.66 46.63 NOTE
r-release-linux-x86_64 0.2.2 2.44 44.60 47.04 NOTE
r-release-macos-arm64 0.2.2 28.00 NOTE
r-release-macos-x86_64 0.2.2 42.00 NOTE
r-release-windows-x86_64 0.2.2 4.00 62.00 66.00 NOTE
r-oldrel-macos-arm64 0.2.2 21.00 NOTE
r-oldrel-windows-x86_64 0.2.2 4.00 60.00 64.00 NOTE

Check Details

Version: 0.2.2
Check: LazyData
Result: NOTE 'LazyData' is specified without a 'data' directory Flavors: r-devel-linux-x86_64-debian-clang, r-devel-linux-x86_64-debian-gcc, r-devel-linux-x86_64-fedora-clang, r-devel-linux-x86_64-fedora-gcc, r-devel-windows-x86_64, r-patched-linux-x86_64, r-release-linux-x86_64, r-release-macos-arm64, r-release-macos-x86_64, r-release-windows-x86_64, r-oldrel-macos-arm64, r-oldrel-windows-x86_64