Last updated on 2023-09-23 00:53:53 CEST.
Flavor | Version | Tinstall | Tcheck | Ttotal | Status | Flags |
---|---|---|---|---|---|---|
r-devel-linux-x86_64-debian-clang | 0.1.6 | 4.43 | 152.01 | 156.44 | OK | |
r-devel-linux-x86_64-debian-gcc | 0.1.6 | 3.80 | 106.56 | 110.36 | OK | |
r-devel-linux-x86_64-fedora-clang | 0.1.6 | 193.03 | OK | |||
r-devel-linux-x86_64-fedora-gcc | 0.1.6 | 187.28 | OK | |||
r-devel-windows-x86_64 | 0.1.6 | 7.00 | 121.00 | 128.00 | OK | |
r-patched-linux-x86_64 | 0.1.6 | 9.70 | 134.95 | 144.65 | OK | |
r-release-linux-x86_64 | 0.1.6 | 4.93 | 137.53 | 142.46 | OK | |
r-release-macos-arm64 | 0.1.6 | 67.00 | OK | |||
r-release-macos-x86_64 | 0.1.6 | 96.00 | OK | |||
r-release-windows-x86_64 | 0.1.6 | 8.00 | 142.00 | 150.00 | OK | |
r-oldrel-macos-arm64 | 0.1.6 | 74.00 | NOTE | |||
r-oldrel-macos-x86_64 | 0.1.6 | 133.00 | OK | |||
r-oldrel-windows-x86_64 | 0.1.6 | 8.00 | 148.00 | 156.00 | OK |
Version: 0.1.6
Check: package dependencies
Result: NOTE
Package suggested but not available for checking: ‘IRanges’
Flavor: r-oldrel-macos-arm64
Version: 0.1.6
Check: Rd cross-references
Result: NOTE
Package unavailable to check Rd xrefs: ‘IRanges’
Flavor: r-oldrel-macos-arm64