Last updated on 2024-05-04 16:54:05 CEST.
Flavor | Version | Tinstall | Tcheck | Ttotal | Status | Flags |
---|---|---|---|---|---|---|
r-devel-linux-x86_64-debian-clang | 0.3.4 | 62.34 | 33.22 | 95.56 | NOTE | |
r-devel-linux-x86_64-debian-gcc | 0.3.4 | 44.41 | 25.01 | 69.42 | NOTE | |
r-devel-linux-x86_64-fedora-clang | 0.3.4 | 140.16 | NOTE | |||
r-devel-linux-x86_64-fedora-gcc | 0.3.4 | 129.77 | NOTE | |||
r-devel-windows-x86_64 | 0.3.4 | 49.00 | 71.00 | 120.00 | NOTE | |
r-patched-linux-x86_64 | 0.3.4 | 61.13 | 31.45 | 92.58 | NOTE | |
r-release-linux-x86_64 | 0.3.4 | 52.38 | 31.82 | 84.20 | NOTE | |
r-release-macos-arm64 | 0.3.4 | 31.00 | NOTE | |||
r-release-windows-x86_64 | 0.3.4 | 47.00 | 60.00 | 107.00 | NOTE | |
r-oldrel-macos-arm64 | 0.3.4 | 35.00 | NOTE | |||
r-oldrel-macos-x86_64 | 0.3.4 | 56.00 | NOTE | |||
r-oldrel-windows-x86_64 | 0.3.4 | 44.00 | 70.00 | 114.00 | NOTE |
Version: 0.3.4
Check: C++ specification
Result: NOTE
Specified C++11: please drop specification unless essential
Flavors: r-devel-linux-x86_64-debian-clang, r-devel-linux-x86_64-debian-gcc, r-devel-linux-x86_64-fedora-clang, r-devel-linux-x86_64-fedora-gcc, r-devel-windows-x86_64, r-patched-linux-x86_64, r-release-linux-x86_64, r-release-macos-arm64, r-release-windows-x86_64, r-oldrel-macos-arm64, r-oldrel-macos-x86_64, r-oldrel-windows-x86_64