CRAN Package Check Results for Package gJLS2

Last updated on 2024-02-26 16:56:25 CET.

Flavor Version Tinstall Tcheck Ttotal Status Flags
r-devel-linux-x86_64-debian-clang 0.2.0 9.08 82.85 91.93 OK
r-devel-linux-x86_64-debian-gcc 0.2.0 9.09 72.34 81.43 OK
r-devel-linux-x86_64-fedora-clang 0.2.0 131.44 NOTE
r-devel-linux-x86_64-fedora-gcc 0.2.0 138.58 NOTE
r-devel-windows-x86_64 0.2.0 10.00 86.00 96.00 OK
r-patched-linux-x86_64 0.2.0 10.18 93.72 103.90 OK
r-release-linux-x86_64 0.2.0 9.49 92.32 101.81 OK
r-release-macos-arm64 0.2.0 48.00 OK
r-release-macos-x86_64 0.2.0 80.00 OK
r-release-windows-x86_64 0.2.0 12.00 106.00 118.00 OK
r-oldrel-macos-arm64 0.2.0 58.00 NOTE
r-oldrel-windows-x86_64 0.2.0 12.00 104.00 116.00 OK

Check Details

Version: 0.2.0
Check: dependencies in R code
Result: NOTE Namespaces in Imports field not imported from: ‘MASS’ ‘MCMCpack’ ‘ggplot2’ ‘moments’ All declared Imports should be used. Flavors: r-devel-linux-x86_64-fedora-clang, r-devel-linux-x86_64-fedora-gcc, r-oldrel-macos-arm64