CRAN Package Check Results for Package gRbase

Last updated on 2024-02-28 16:50:35 CET.

Flavor Version Tinstall Tcheck Ttotal Status Flags
r-devel-linux-x86_64-debian-clang 2.0.1 306.01 143.06 449.07 OK
r-devel-linux-x86_64-debian-gcc 2.0.1 247.22 109.62 356.84 OK
r-devel-linux-x86_64-fedora-clang 2.0.1 654.47 OK
r-devel-linux-x86_64-fedora-gcc 2.0.1 716.40 OK
r-devel-windows-x86_64 2.0.1 233.00 191.00 424.00 OK
r-patched-linux-x86_64 2.0.1 336.79 142.21 479.00 OK
r-release-linux-x86_64 2.0.1 324.22 144.19 468.41 OK
r-release-macos-arm64 2.0.1 130.00 NOTE
r-release-macos-x86_64 2.0.1 217.00 NOTE
r-release-windows-x86_64 2.0.1 300.00 212.00 512.00 OK
r-oldrel-macos-arm64 2.0.1 118.00 NOTE
r-oldrel-windows-x86_64 2.0.1 276.00 198.00 474.00 OK

Check Details

Version: 2.0.1
Check: installed package size
Result: NOTE installed size is 11.9Mb sub-directories of 1Mb or more: data 1.3Mb libs 9.4Mb Flavors: r-release-macos-arm64, r-release-macos-x86_64, r-oldrel-macos-arm64