CRAN Package Check Results for Package galigor

Last updated on 2024-03-02 00:53:25 CET.

Flavor Version Tinstall Tcheck Ttotal Status Flags
r-devel-linux-x86_64-debian-clang 0.2.5 6.67 47.28 53.95 OK
r-devel-linux-x86_64-debian-gcc 0.2.5 5.75 36.55 42.30 OK
r-devel-linux-x86_64-fedora-clang 0.2.5 67.92 NOTE
r-devel-linux-x86_64-fedora-gcc 0.2.5 61.11 NOTE
r-devel-windows-x86_64 0.2.5 8.00 57.00 65.00 OK
r-patched-linux-x86_64 0.2.5 4.27 46.67 50.94 OK
r-release-linux-x86_64 0.2.5 4.59 46.13 50.72 OK
r-release-macos-arm64 0.2.5 24.00 OK
r-release-macos-x86_64 0.2.5 37.00 OK
r-release-windows-x86_64 0.2.5 11.00 109.00 120.00 OK
r-oldrel-macos-arm64 0.2.5 29.00 NOTE
r-oldrel-windows-x86_64 0.2.5 11.00 83.00 94.00 OK

Check Details

Version: 0.2.5
Check: dependencies in R code
Result: NOTE Namespaces in Imports field not imported from: ‘gargle’ ‘getProxy’ ‘rappsflyer’ ‘rfacebookstat’ ‘rgoogleads’ ‘rmytarget’ ‘rvkstat’ ‘ryandexdirect’ ‘rym’ ‘tidyr’ All declared Imports should be used. Flavors: r-devel-linux-x86_64-fedora-clang, r-devel-linux-x86_64-fedora-gcc, r-oldrel-macos-arm64