CRAN Package Check Results for Package gamRR

Last updated on 2024-03-02 00:53:25 CET.

Flavor Version Tinstall Tcheck Ttotal Status Flags
r-devel-linux-x86_64-debian-clang 0.7.0 6.54 63.07 69.61 NOTE
r-devel-linux-x86_64-debian-gcc 0.7.0 5.79 49.07 54.86 NOTE
r-devel-linux-x86_64-fedora-clang 0.7.0 87.22 NOTE
r-devel-linux-x86_64-fedora-gcc 0.7.0 84.11 NOTE
r-devel-windows-x86_64 0.7.0 7.00 63.00 70.00 NOTE
r-patched-linux-x86_64 0.7.0 7.42 62.03 69.45 NOTE
r-release-linux-x86_64 0.7.0 6.58 61.57 68.15 NOTE
r-release-macos-arm64 0.7.0 30.00 NOTE
r-release-macos-x86_64 0.7.0 46.00 NOTE
r-release-windows-x86_64 0.7.0 8.00 70.00 78.00 NOTE
r-oldrel-macos-arm64 0.7.0 27.00 NOTE
r-oldrel-windows-x86_64 0.7.0 9.00 79.00 88.00 NOTE

Check Details

Version: 0.7.0
Check: LazyData
Result: NOTE 'LazyData' is specified without a 'data' directory Flavors: r-devel-linux-x86_64-debian-clang, r-devel-linux-x86_64-debian-gcc, r-devel-linux-x86_64-fedora-clang, r-devel-linux-x86_64-fedora-gcc, r-devel-windows-x86_64, r-patched-linux-x86_64, r-release-linux-x86_64, r-release-macos-arm64, r-release-macos-x86_64, r-release-windows-x86_64, r-oldrel-macos-arm64, r-oldrel-windows-x86_64