CRAN Package Check Results for Package gamlr

Last updated on 2024-02-25 16:51:41 CET.

Flavor Version Tinstall Tcheck Ttotal Status Flags
r-devel-linux-x86_64-debian-clang 1.13-8 11.53 67.61 79.14 NOTE
r-devel-linux-x86_64-debian-gcc 1.13-8 8.61 59.80 68.41 NOTE
r-devel-linux-x86_64-fedora-clang 1.13-8 107.00 OK
r-devel-linux-x86_64-fedora-gcc 1.13-8 105.23 OK
r-devel-windows-x86_64 1.13-8 12.00 75.00 87.00 OK
r-patched-linux-x86_64 1.13-8 10.62 77.51 88.13 OK
r-release-linux-x86_64 1.13-8 8.99 76.91 85.90 OK
r-release-macos-arm64 1.13-8 37.00 OK
r-release-macos-x86_64 1.13-8 78.00 OK
r-release-windows-x86_64 1.13-8 15.00 90.00 105.00 OK
r-oldrel-macos-arm64 1.13-8 37.00 OK
r-oldrel-windows-x86_64 1.13-8 14.00 92.00 106.00 OK

Check Details

Version: 1.13-8
Check: Rd files
Result: NOTE checkRd: (-1) naref.Rd:13: Lost braces 13 | \details{ For every \code{factor} or \code{character} column in \code{x}, \code{naref} sets \code{NA} as the reference level for a \code{factor} variable. Columns coded as \code{character} class are first converted to factors via \R{factor(x)}. If \code{impute=TRUE} then the numeric columns are converted to two columns, one appended \code{.x} that contains imputed values and another appended \code{.miss} which is a binary variable indicating whether the original value was missing. Numeric columns are returned without change if \code{impute=FALSE} or if they do not contain any missing values. | ^ Flavors: r-devel-linux-x86_64-debian-clang, r-devel-linux-x86_64-debian-gcc