CRAN Package Check Results for Package gamselBayes

Last updated on 2024-02-29 08:48:54 CET.

Flavor Version Tinstall Tcheck Ttotal Status Flags
r-devel-linux-x86_64-debian-clang 2.0-1 156.44 54.37 210.81 OK
r-devel-linux-x86_64-debian-gcc 2.0-1 123.42 40.80 164.22 OK
r-devel-linux-x86_64-fedora-clang 2.0-1 321.48 OK
r-devel-linux-x86_64-fedora-gcc 2.0-1 339.69 OK
r-devel-windows-x86_64 2.0-1 115.00 88.00 203.00 OK
r-patched-linux-x86_64 2.0-1 141.63 52.66 194.29 OK
r-release-linux-x86_64 2.0-1 164.45 52.31 216.76 OK
r-release-macos-arm64 2.0-1 84.00 NOTE
r-release-macos-x86_64 2.0-1 117.00 NOTE
r-release-windows-x86_64 2.0-1 147.00 99.00 246.00 OK
r-oldrel-macos-arm64 2.0-1 67.00 NOTE
r-oldrel-windows-x86_64 2.0-1 138.00 102.00 240.00 OK

Check Details

Version: 2.0-1
Check: installed package size
Result: NOTE installed size is 6.0Mb sub-directories of 1Mb or more: libs 5.1Mb Flavors: r-release-macos-arm64, r-release-macos-x86_64, r-oldrel-macos-arm64