CRAN Package Check Results for Package gaston

Last updated on 2024-02-23 16:53:18 CET.

Flavor Version Tinstall Tcheck Ttotal Status Flags
r-devel-linux-x86_64-debian-clang 1.6 OK
r-devel-linux-x86_64-debian-gcc 1.6 651.44 111.30 762.74 OK
r-devel-linux-x86_64-fedora-clang 1.6 1324.12 NOTE
r-devel-linux-x86_64-fedora-gcc 1.6 1465.70 OK
r-devel-windows-x86_64 1.6 565.00 181.00 746.00 NOTE
r-patched-linux-x86_64 1.6 797.81 137.83 935.64 OK
r-release-linux-x86_64 1.6 805.28 137.97 943.25 OK
r-release-macos-arm64 1.6 279.00 NOTE
r-release-macos-x86_64 1.6 318.00 NOTE
r-release-windows-x86_64 1.6 723.00 201.00 924.00 NOTE
r-oldrel-macos-arm64 1.6 249.00 NOTE
r-oldrel-windows-x86_64 1.6 662.00 188.00 850.00 NOTE

Additional issues

Intel

Check Details

Version: 1.6
Check: installed package size
Result: NOTE installed size is 5.4Mb sub-directories of 1Mb or more: extdata 1.6Mb libs 1.8Mb Flavors: r-devel-linux-x86_64-fedora-clang, r-devel-windows-x86_64, r-release-macos-arm64, r-release-macos-x86_64, r-release-windows-x86_64, r-oldrel-macos-arm64, r-oldrel-windows-x86_64