CRAN Package Check Results for Package gdm

Last updated on 2024-02-24 16:48:20 CET.

Flavor Version Tinstall Tcheck Ttotal Status Flags
r-devel-linux-x86_64-debian-clang 1.5.0-9.1 48.42 363.00 411.42 NOTE
r-devel-linux-x86_64-debian-gcc 1.5.0-9.1 41.88 274.97 316.85 NOTE
r-devel-linux-x86_64-fedora-clang 1.5.0-9.1 515.50 NOTE
r-devel-linux-x86_64-fedora-gcc 1.5.0-9.1 504.80 NOTE
r-devel-windows-x86_64 1.5.0-9.1 52.00 242.00 294.00 NOTE
r-patched-linux-x86_64 1.5.0-9.1 49.37 359.66 409.03 NOTE
r-release-linux-x86_64 1.5.0-9.1 49.39 360.70 410.09 NOTE
r-release-macos-arm64 1.5.0-9.1 116.00 NOTE
r-release-macos-x86_64 1.5.0-9.1 222.00 NOTE
r-release-windows-x86_64 1.5.0-9.1 68.00 328.00 396.00 NOTE
r-oldrel-macos-arm64 1.5.0-9.1 104.00 OK
r-oldrel-windows-x86_64 1.5.0-9.1 67.00 313.00 380.00 NOTE

Check Details

Version: 1.5.0-9.1
Check: C++ specification
Result: NOTE Specified C++11: please drop specification unless essential Flavors: r-devel-linux-x86_64-debian-clang, r-devel-linux-x86_64-debian-gcc, r-devel-linux-x86_64-fedora-clang, r-devel-linux-x86_64-fedora-gcc, r-devel-windows-x86_64, r-patched-linux-x86_64, r-release-linux-x86_64, r-release-macos-arm64, r-release-macos-x86_64, r-release-windows-x86_64

Version: 1.5.0-9.1
Check: installed package size
Result: NOTE installed size is 5.1Mb sub-directories of 1Mb or more: extdata 3.0Mb Flavors: r-devel-windows-x86_64, r-release-windows-x86_64, r-oldrel-windows-x86_64