CRAN Package Check Results for Package geex

Last updated on 2024-02-21 00:54:29 CET.

Flavor Version Tinstall Tcheck Ttotal Status Flags
r-devel-linux-x86_64-debian-clang 1.1.1 NOTE
r-devel-linux-x86_64-debian-gcc 1.1.1 4.16 244.68 248.84 NOTE
r-devel-linux-x86_64-fedora-clang 1.1.1 403.92 NOTE
r-devel-linux-x86_64-fedora-gcc 1.1.1 422.32 NOTE
r-devel-windows-x86_64 1.1.1 6.00 239.00 245.00 OK
r-patched-linux-x86_64 1.1.1 5.35 325.03 330.38 OK
r-release-linux-x86_64 1.1.1 4.10 330.10 334.20 OK
r-release-macos-arm64 1.1.1 116.00 OK
r-release-macos-x86_64 1.1.1 201.00 OK
r-release-windows-x86_64 1.1.1 8.00 328.00 336.00 OK
r-oldrel-macos-arm64 1.1.1 86.00 NOTE
r-oldrel-windows-x86_64 1.1.1 10.00 321.00 331.00 OK

Check Details

Version: 1.1.1
Check: Rd files
Result: NOTE checkRd: (-1) geexex.Rd:10: Lost braces in \itemize; meant \describe ? checkRd: (-1) geexex.Rd:11: Lost braces in \itemize; meant \describe ? checkRd: (-1) geexex.Rd:12: Lost braces in \itemize; meant \describe ? checkRd: (-1) geexex.Rd:13: Lost braces in \itemize; meant \describe ? checkRd: (-1) geexex.Rd:14: Lost braces in \itemize; meant \describe ? checkRd: (-1) geexex.Rd:15: Lost braces in \itemize; meant \describe ? checkRd: (-1) geexex.Rd:16: Lost braces in \itemize; meant \describe ? checkRd: (-1) geexex.Rd:17: Lost braces in \itemize; meant \describe ? checkRd: (-1) geexex.Rd:18: Lost braces in \itemize; meant \describe ? Flavors: r-devel-linux-x86_64-debian-clang, r-devel-linux-x86_64-debian-gcc

Version: 1.1.1
Check: dependencies in R code
Result: NOTE Namespace in Imports field not imported from: ‘rootSolve’ All declared Imports should be used. Flavors: r-devel-linux-x86_64-fedora-clang, r-devel-linux-x86_64-fedora-gcc, r-oldrel-macos-arm64