CRAN Package Check Results for Package gender

Last updated on 2024-02-29 08:48:54 CET.

Flavor Version Tinstall Tcheck Ttotal Status Flags
r-devel-linux-x86_64-debian-clang 0.6.0 5.49 49.01 54.50 NOTE
r-devel-linux-x86_64-debian-gcc 0.6.0 4.18 37.54 41.72 NOTE
r-devel-linux-x86_64-fedora-clang 0.6.0 70.32 NOTE
r-devel-linux-x86_64-fedora-gcc 0.6.0 78.45 NOTE
r-devel-windows-x86_64 0.6.0 5.00 57.00 62.00 NOTE
r-patched-linux-x86_64 0.6.0 4.92 47.16 52.08 NOTE
r-release-linux-x86_64 0.6.0 4.78 47.15 51.93 NOTE
r-release-macos-arm64 0.6.0 31.00 NOTE
r-release-macos-x86_64 0.6.0 44.00 NOTE
r-release-windows-x86_64 0.6.0 7.00 66.00 73.00 NOTE
r-oldrel-macos-arm64 0.6.0 25.00 NOTE
r-oldrel-windows-x86_64 0.6.0 7.00 67.00 74.00 NOTE

Check Details

Version: 0.6.0
Check: package dependencies
Result: NOTE Package suggested but not available for checking: ‘genderdata’ Flavors: r-devel-linux-x86_64-debian-clang, r-devel-linux-x86_64-debian-gcc, r-devel-linux-x86_64-fedora-clang, r-devel-linux-x86_64-fedora-gcc, r-devel-windows-x86_64, r-patched-linux-x86_64, r-release-linux-x86_64, r-release-macos-arm64, r-release-macos-x86_64, r-release-windows-x86_64, r-oldrel-macos-arm64, r-oldrel-windows-x86_64